462 is divided by 349.
347
Calculate the remainder when 24621 is divided by 2893.
1477
What is the remainder when 4054 is divided by 507?
505
Calculate the remainder when 1238 is divided by 420.
398
What is the remainder when 9494 is divided by 216?
206
What is the remainder when 20625 is divided by 1718?
9
Calculate the remainder when 6149 is divided by 5109.
1040
Calculate the remainder when 1584 is divided by 885.
699
What is the remainder when 7789 is divided by 104?
93
Calculate the remainder when 23223 is divided by 122.
43
Calculate the remainder when 108864 is divided by 2224.
2112
What is the remainder when 7722 is divided by 1540?
22
What is the remainder when 164245 is divided by 44?
37
What is the remainder when 38792 is divided by 27?
20
Calculate the remainder when 65 is divided by 11.
10
Calculate the remainder when 53546 is divided by 181.
151
Calculate the remainder when 876 is divided by 53.
28
Calculate the remainder when 11602 is divided by 436.
266
What is the remainder when 26303 is divided by 411?
410
What is the remainder when 264117 is divided by 426?
423
What is the remainder when 1098612 is divided by 178?
174
Calculate the remainder when 7384 is divided by 2459.
7
What is the remainder when 1242 is divided by 522?
198
Calculate the remainder when 81631 is divided by 16.
15
Calculate the remainder when 483 is divided by 170.
143
What is the remainder when 842037 is divided by 210506?
13
Calculate the remainder when 63238 is divided by 102.
100
What is the remainder when 266792 is divided by 238?
232
What is the remainder when 13597 is divided by 38?
31
What is the remainder when 325403 is divided by 344?
323
What is the remainder when 4301 is divided by 489?
389
What is the remainder when 41793 is divided by 303?
282
Calculate the remainder when 517607 is divided by 39.
38
What is the remainder when 281445 is divided by 19?
17
Calculate the remainder when 497641 is divided by 31.
29
What is the remainder when 20961 is divided by 6903?
252
What is the remainder when 124959 is divided by 10?
9
Calculate the remainder when 353329 is divided by 89.
88
What is the remainder when 32367 is divided by 245?
27
Calculate the remainder when 515276 is divided by 15.
11
Calculate the remainder when 16316 is divided by 1493.
1386
What is the remainder when 1470 is divided by 706?
58
What is the remainder when 1435 is divided by 92?
55
Calculate the remainder when 38189 is divided by 335.
334
Calculate the remainder when 51606 is divided by 356.
342
Calculate the remainder when 77657 is divided by 22.
19
What is the remainder when 227349 is divided by 64?
21
What is the remainder when 5056 is divided by 62?
34
Calculate the remainder when 22317 is divided by 17.
13
Calculate the remainder when 59969 is divided by 17.
10
Calculate the remainder when 6443435 is divided by 91.
89
What is the remainder when 445735 is divided by 285?
280
Calculate the remainder when 133318 is divided by 32.
6
Calculate the remainder when 40703 is divided by 1767.
62
What is the remainder when 2518119 is divided by 10?
9
What is the remainder when 96896 is divided by 323?
319
Calculate the remainder when 36681 is divided by 1835.
1816
What is the remainder when 3591 is divided by 863?
139
Calculate the remainder when 45490 is divided by 196.
18
Calculate the remainder when 5329 is divided by 5325.
4
What is the remainder when 70143 is divided by 433?
430
Calculate the remainder when 211648 is divided by 71.
68
What is the remainder when 10534 is divided by 406?
384
What is the remainder when 2655 is divided by 540?
495
Calculate the remainder when 5367 is divided by 88.
87
What is the remainder when 26043 is divided by 68?
67
What is the remainder when 27204 is divided by 6801?
0
What is the remainder when 3096 is divided by 255?
36
Calculate the remainder when 72480 is divided by 2684.
12
What is the remainder when 185110 is divided by 25?
10
Calculate the remainder when 2176 is divided by 414.
106
Calculate the remainder when 807 is divided by 42.
9
Calculate the remainder when 687 is divided by 334.
19
Calculate the remainder when 109867 is divided by 84.
79
Calculate the remainder when 8852 is divided by 2580.
1112
Calculate the remainder when 15866 is divided by 5288.
2
What is the remainder when 4456 is divided by 4456?
0
What is the remainder when 5106 is divided by 283?
12
What is the remainder when 290 is divided by 144?
2
What is the remainder when 45908 is divided by 560?
548
Calculate the remainder when 10172 is divided by 2539.
16
What is the remainder when 25446 is divided by 50?
46
Calculate the remainder when 444095 is divided by 244.
15
What is the remainder when 677698 is divided by 70?
28
Calculate the remainder when 2212 is divided by 128.
36
Calculate the remainder when 34043 is divided by 387.
374
Calculate the remainder when 5566 is divided by 615.
31
Calculate the remainder when 93010 is divided by 18588.
70
Calculate the remainder when 57235 is divided by 1635.
10
What is the remainder when 186198 is divided by 7?
5
Calculate the remainder when 29560 is divided by 1284.
28
What is the remainder when 25632 is divided by 9?
0
What is the remainder when 114 is divided by 9?
6
Calculate the remainder when 6679 is divided by 34.
15
Calculate the remainder when 366279 is divided by 11.
1
Calculate the remainder when 56421 is divided by 55.
46
What is the remainder when 5528 is divided by 45?
38
Calculate the remainder when 19910 is divided by 98.
16
What is the remainder when 152502 is divided by 45?
42
What is the remainder when 3580 is divided by 792?
412
What is the remainder when 9219 is divided by 151?
8
Calculate the remainder when 1140 is divided by 223.
25
What is the remainder when 14652 is divided by 16?
12
What is the remainder when 76623 is divided by 267?
261
Calculate the remainder when 33579 is divided by 16.
11
Calculate the remainder when 117623 is divided by 165.
143
What is the remainder when 6236 is divided by 2025?
161
Calculate the remainder when 780 is divided by 227.
99
Calculate the remainder when 157 is divided by 7.
3
Calculate the remainder when 29495 is divided by 289.
17
Calculate the remainder when 4908 is divided by 214.
200
What is the remainder when 10683 is divided by 10675?
8
Calculate the remainder when 2580957 is divided by 160.
157
What is the remainder when 13250 is divided by 4385?
95
What is the remainder when 83901 is divided by 314?
63
Calculate the remainder when 6229 is divided by 5553.
676
Calculate the remainder when 2341232 is divided by 199.
196
Calculate the remainder when 27121 is divided by 36.
13
Calculate the remainder when 323873 is divided by 34.
23
What is the remainder when 10709 is divided by 63?
62
Calculate the remainder when 5423 is divided by 10.
3
Calculate the remainder when 3736 is divided by 136.
64
Calculate the remainder when 120902 is divided by 148.
134
Calculate the remainder when 336595 is divided by 112195.
10
Calculate the remainder when 48784 is divided by 69.
1
What is the remainder when 44756 is divided by 86?
36
What is the remainder when 2390022 is divided by 196?
194
Calculate the remainder when 530 is divided by 94.
60
What is the remainder when 8266 is divided by 198?
148
Calculate the remainder when 414699 is divided by 286.
285
What is the remainder when 90829 is divided by 30271?
16
What is the remainder when 2581837 is divided by 547?
544
What is the remainder when 9302 is divided by 131?
1
Calculate the remainder when 402504 is divided by 402503.
1
What is the remainder when 7921 is divided by 499?
436
What is the remainder when 32987 is divided by 255?
92
Calculate the remainder when 40384 is divided by 1314.
964
What is the remainder when 205673 is divided by 187?
160
What is the remainder when 13945 is divided by 184?
145
What is the remainder when 4337 is divided by 4111?
226
Calculate the remainder when 718 is divided by 38.
34
Calculate the remainder when 306 is divided by 306.
0
Calculate the remainder when 148664 is divided by 255.
254
What is the remainder when 2042 is divided by 1282?
760
What is the remainder when 136495 is divided by 182?
177
What is the remainder when 727084 is divided by 13?
7
Calculate the remainder when 2418 is